 -25. Suppose -8*g + d = -81. What are the prime factors of m(g)?
107
Suppose -7*z + 31161 = -40722. Let q = z - 20259. List the prime factors of (-4)/(-34) - q/51.
2, 7
Suppose z = -5*w + 29937, -4*z + 18 = 10. List the prime factors of w.
5987
Suppose 4 = -3*p - 5*l, p + 2*l - 6*l = 10. Suppose 3*a - w + 784 = 2397, p*a + w - 1082 = 0. List the prime factors of a.
7, 11
Let q = -393 + 411. Let d(s) = -s**2 + 30*s - 8. List the prime factors of d(q).
2, 13
Suppose 0 = -17*k + 14352 - 1109. Let t = k + -49. List the prime factors of t.
2, 5, 73
Suppose -31 = -z + 5*t, 4*z + t - 103 = -0*t. Let u = z + -8. Let g = u + 59. What are the prime factors of g?
7, 11
Suppose 5*t = 10*t - 4260. Suppose -3*i = 0, -5*i = 4*j + t - 4436. What are the prime factors of j?
2, 7
Let m(h) = -h. Let k(p) = -2*p + 8. Let v(c) = k(c) - 3*m(c). Let g be v(-6). Suppose y = 3*z - 521, 5*z = 3*z - g*y + 350. List the prime factors of z.
2, 3, 29
Let z(a) be the first derivative of -a**4/4 + 2*a**3/3 - 3*a**2/2 + 6. List the prime factors of z(-4).
2, 3
Let j(s) = s**2 + 7*s - 46. Let z be j(4). List the prime factors of 53 - (z + 2)/(-3 - 1).
53
Let s(y) = 3*y - 12. Let m be s(5). Suppose -o + 16 = 4*t - 3*o, 0 = -m*t - 2*o + 5. Suppose -k + t*p = -163, 3*k - 2*p - 3 = 514. List the prime factors of k.
5, 7
Suppose 4*w - 857 = -u, 3*u = 3*w + 555 + 2031. Suppose u = -17*f + 3836. List the prime factors of f.
5, 7
Suppose 12*n + 30 = -6. List the prime factors of 37/n*2/4*-54.
3, 37
Let f be (-2)/(-8)*(15 - 15). Suppose 0 = -o - f*o. Suppose -3*m + h + 236 = o, -5*m - h + 244 = -2*m. What are the prime factors of m?
2, 5
Let h = 9838 - 5561. List the prime factors of h.
7, 13, 47
Let w be -30666*((-44)/8)/11. Suppose 4913 = -10*z + w. What are the prime factors of z?
2, 521
Suppose -728 = -4*p + 19*f - 20*f, 0 = -5*p - 2*f + 907. List the prime factors of p.
3, 61
Suppose 2*m = -20*m + 220. Let x(o) = -o + 150. Let r be x(0). Suppose -p - h + r = 6, m = 5*h. What are the prime factors of p?
2, 71
Let g = 6781 + -6322. What are the prime factors of g?
3, 17
List the prime factors of -16 - 15734/(-5 - -3).
3, 2617
Suppose -6*z = -10*z + 108. Suppose -3*b = -z - 0. Suppose 1024 - 205 = b*j. List the prime factors of j.
7, 13
Let t = 17636 - -28943. What are the prime factors of t?
13, 3583
Suppose -4*s + 32*l = 28*l - 24912, 2*s - 12431 = -3*l. List the prime factors of s.
7, 127
Let n be 0 - 1 - 1040/(-16). Suppose -2*b + n = 2*t, -5*t - 2 = -5*b + 4*b. Let m = 57 - b. What are the prime factors of m?
2, 3, 5
Let q = -28832 - -50216. List the prime factors of q.
2, 3, 11
Suppose 0 = -8*r - 39004 + 122028. List the prime factors of r.
2, 5189
Let x(k) be the third derivative of 3*k**5/4 + 7*k**4/8 - 15*k**3/2 - 32*k**2. List the prime factors of x(5).
3, 5, 79
Let p be 1 - 10354/30 - (-202)/1515. Let c = p - -550. What are the prime factors of c?
2, 103
Suppose -86*u = -204026 - 437620. What are the prime factors of u?
3, 829
Let p be ((-75)/30)/((-10)/8). Let r be (-9)/p - (-14)/(-28). List the prime factors of (3 + -19)*r/2.
2, 5
Let o be 4/3 + (-376)/(-141). Suppose -o*w + w = -96. What are the prime factors of w?
2
Let r be 7/((-3 + 10/4)*2). Let m = -5 - r. What are the prime factors of -3 + (-228)/(-4) - (5 - m)?
3, 17
Suppose 3*a - a = 6. Let y be (-3 - -85)/((-2)/(a - 1)). Let x = y + 155. List the prime factors of x.
73
Suppose -13*s = 5715 + 14687 - 99676. List the prime factors of s.
2, 3049
Suppose -16*d = 165*d - 124484 - 1758097. List the prime factors of d.
3, 3467
Let z be 14/(-5)*(7 + -77). Let d = z - -976. What are the prime factors of d?
2, 293
Let y = -36 - 271. Let l = -229 - y. List the prime factors of l.
2, 3, 13
Let f(h) = h + 34. Let a be f(-17). Let q = -15 + a. Suppose 3*x = 9, 3*c - q*x - 228 = -51. List the prime factors of c.
61
Suppose 3*t - 4*t - 4*u + 74 = 0, 3*t - 4*u - 206 = 0. Let w = t - 56. Let q(v) = v**2 - 8*v + 13. What are the prime factors of q(w)?
97
Let q(b) = -1037*b - 6191. List the prime factors of q(-78).
5, 14939
Suppose -h + 182 = -4*q, 7*h - 3*h - 793 = 3*q. Let s = h - 127. List the prime factors of s.
3, 5
Let r(f) = -19*f + f**2 + 67*f + 22 - 32*f. Let b be r(-15). What are the prime factors of 0 - (-1*3 - b*12)?
3, 29
Let m = 3241 - 1611. Suppose -36 = -2*q + m. What are the prime factors of q?
7, 17
Let y be (2922/4)/(26/(-52)). Let u = y + 2081. List the prime factors of u.
2, 5, 31
Let q(a) = -a**3 + 28*a**2 + 3*a + 17. Let n be q(28). Suppose 2*d = -i + 4*d + 95, 0 = i + d - n. What are the prime factors of i?
3, 11
Let g be (1492/(-16) - 6)/(2/(-8)). What are the prime factors of -6 + 5 + g - 4?
2, 7
What are the prime factors of ((-15258)/8)/(-24 - (-5352)/224)?
7, 2543
Let b(p) be the first derivative of 4*p**3/3 + p**2/2 - 5*p + 13. Let j be b(4). Suppose -347 = -5*z + o, 0*o + 3*o - j = -z. What are the prime factors of z?
3, 23
Suppose -29*u - 885 = -34*u. Suppose u*p = 183*p - 2532. What are the prime factors of p?
2, 211
Let y(k) = k**2 - k - 3. Let c be y(0). What are the prime factors of (-9)/((-632)/(-212) + c + 0)?
3, 53
Suppose 2*w + 5*w - 623 = 0. Suppose 3*s - w = -2*a, -4*s + 3*a + 84 = -s. Let p = s - -15. List the prime factors of p.
2, 11
Suppose 14*b - 2*b = 984. Let c = b + 21. What are the prime factors of c?
103
Suppose -2*b - 257786 = -5*y, -5*y - 97047 + 354875 = 4*b. What are the prime factors of y?
2, 5, 1289
Let w be -2 + 18/12 + (-15)/(-2). Suppose 9 = w*q - 19. Suppose -13*r + q*r = -1314. What are the prime factors of r?
2, 73
Let g = -8081 + 15478. What are the prime factors of g?
13, 569
Suppose 4*x = 64*v - 61*v - 39967, 0 = v + 2*x - 13329. List the prime factors of v.
5, 13, 41
Let p = -178 - -151. Let z(j) = -j**3 - 26*j**2 + 5*j - 43. List the prime factors of z(p).
19, 29
What are the prime factors of 4491/6*(4 + 26*2/6)?
19, 499
Let h(v) = 2616*v**2 - v**3 - 2616*v**2 + 15 + 6*v + 4*v. What are the prime factors of h(-5)?
2, 3, 5
Let p = 13 + -50. Let y = p - -99. What are the prime factors of y - 1/1 - (-3 - -3)?
61
Let v(d) = -33*d - 9. Let m(r) = -26*r - 9*r - 8 + 2*r. Let j(p) = -2*m(p) + 3*v(p). What are the prime factors of j(-2)?
5, 11
Let n = 6665 + -5616. What are the prime factors of n?
1049
Let n be (3 + -4)*2/(-2). List the prime factors of ((-6)/(-9))/(n/504).
2, 3, 7
Suppose 60 + 63 = 41*k. Suppose -4*p = -l + 617, -k*l - 5*p - 1234 = -5*l. What are the prime factors of l?
617
Let t(v) = -116*v**3 + v. Let l be t(-1). Suppose -98*h - 2860 - 2138 = 0. Let b = l + h. What are the prime factors of b?
2
Let t be (37/2)/((63/14)/(-9)). Let s(d) = -d**3 - 35*d**2 + 27*d - 62. What are the prime factors of s(t)?
3, 13, 43
Suppose 5*m + 77266 = 4*j, 79*j - 75*j - 3*m = 77278. What are the prime factors of j?
2, 4831
Let o(i) = -4*i - 9. Let g(t) be the second derivative of t**4/12 + 2*t**3/3 - 5*t**2/2 - t. Let q be g(-4). List the prime factors of o(q).
11
Let r(l) = 18*l**2 - 33*l - 8. What are the prime factors of r(-8)?
2, 11
Let b(q) = -602*q - 3832. List the prime factors of b(-37).
2, 9221
Let j(f) = 10*f + 5. Let h(r) = r**2 - 12*r + 9. Let o be h(10). Let b be 20/110 + (-42)/o. What are the prime factors of j(b)?
3, 5
Suppose 4*k - 7*k = 9. List the prime factors of -1*1179*(-6)/18 - k.
2, 3, 11
Let n = 203 - -13. Let m = 89 + 18. Let d = n - m. List the prime factors of d.
109
Let w = -47 + 48. What are the prime factors of (-270)/(-60)*38*w?
3, 19
Suppose l = n - 2604 - 1453, -5*n - 5*l + 20335 = 0. List the prime factors of n.
2, 3, 677
Let c(f) = 4*f**2 - 90*f - 2774. What are the prime factors of c(-68)?
2, 67, 163
Let y = 84 - -130. Suppose -3*q - 268 = -2*i, -2*i = -5*q - 234 - y. Let n = 139 + q. List the prime factors of n.
7
What are the prime factors of 9260 - (-3 + 3) - (4 - 5)*0?
2, 5, 463
Let f = -21 + -3. Let g(h) = -h**3 - 23*h**2 + 26*h + 50. Let q be g(f). Suppose 3*y + s - 30 = 0, -s + 3*s = q*y - 28. What are the prime factors of y?
11
Suppose 0 = 17*x - 5170 - 8277. What are the prime factors of (x - 0) + 0 + 5?
2, 199
Let t(x) = 22*x**2 + 53*x - 288. List the prime factors of t(-20).
2, 3, 23
Suppose -7*r + 642 + 1596 = -2662. What are the prime factors of r?
2, 5, 7
Let p(q) be the second derivative of -3*q**5/20 - 5*q**4/3 - 9*